{"id":98,"date":"2025-05-03T17:24:51","date_gmt":"2025-05-03T15:24:51","guid":{"rendered":"https:\/\/www.tktx-original.de\/?page_id=98"},"modified":"2025-05-03T17:46:02","modified_gmt":"2025-05-03T15:46:02","slug":"vytvorit-kazdy-den-jeden-clanok","status":"publish","type":"page","link":"https:\/\/www.tktx-original.de\/?page_id=98","title":{"rendered":"Vytvori\u0165 ka\u017ed\u00fd de\u0148 jeden \u010dl\u00e1nok"},"content":{"rendered":"<p>Vytvor ka\u017ed\u00fd de\u0148, jeden \u010dl\u00e1nok. (Zaka\u017ed\u00fdm jak vytvor\u00ed\u0161 nov\u00fa str\u00e1nku, jeden n\u00e1dpis vyma\u017e) (Pridaj jeden obr\u00e1zok z gal\u00e9rie a jedno video z t\u00fdchto<\/p>\n<p><iframe loading=\"lazy\" title=\"Schmerzloses T\u00e4towieren \u2013 TKTX\" width=\"760\" height=\"428\" src=\"https:\/\/www.youtube.com\/embed\/_rM3Iyvs5uE?feature=oembed\" frameborder=\"0\" allow=\"accelerometer; autoplay; clipboard-write; encrypted-media; gyroscope; picture-in-picture; web-share\" referrerpolicy=\"strict-origin-when-cross-origin\" allowfullscreen><\/iframe><\/p>\n<p><iframe loading=\"lazy\" title=\"WIE \u00dcBERSTEHT MAN DAS ERSTE TATTOO OHNE SCHMERZEN?\" width=\"760\" height=\"428\" src=\"https:\/\/www.youtube.com\/embed\/x54i_jrUZgU?feature=oembed\" frameborder=\"0\" allow=\"accelerometer; autoplay; clipboard-write; encrypted-media; gyroscope; picture-in-picture; web-share\" referrerpolicy=\"strict-origin-when-cross-origin\" allowfullscreen><\/iframe><\/p>\n<p><iframe loading=\"lazy\" title=\"Lassen Sie sich mit TKTX schmerzfrei t\u00e4towieren\" width=\"760\" height=\"428\" src=\"https:\/\/www.youtube.com\/embed\/ueGoRESZ01A?feature=oembed\" frameborder=\"0\" allow=\"accelerometer; autoplay; clipboard-write; encrypted-media; gyroscope; picture-in-picture; web-share\" referrerpolicy=\"strict-origin-when-cross-origin\" allowfullscreen><\/iframe><\/p>\n<p><iframe loading=\"lazy\" title=\"F\u00fchlen Sie keine Schmerzen beim T\u00e4towieren mit TKTX\" width=\"760\" height=\"428\" src=\"https:\/\/www.youtube.com\/embed\/uL-tsdfCivM?feature=oembed\" frameborder=\"0\" allow=\"accelerometer; autoplay; clipboard-write; encrypted-media; gyroscope; picture-in-picture; web-share\" referrerpolicy=\"strict-origin-when-cross-origin\" allowfullscreen><\/iframe><\/p>\n<p>Daj pr\u00edkaz do chat gpt:<\/p>\n<p>Nap\u00ed\u0161 mi \u010dl\u00e1nok po nemecky, p\u00ed\u0161 p\u00fatavo a tak aby si nakoniec presved\u010dil z\u00e1kazn\u00edka ako Jordan bellfort t\u00fdm \u017ee zvy\u0161uje\u0161 dv\u00f4veru v TKTX, vo m\u0148a (str\u00e1nku, firmu) a zvy\u0161oval my\u015blienku \u017ee si potrebuje TKTX k\u00fapi\u0165. Sna\u017e sa nap\u00edsa\u0165 na t\u00fato t\u00e9mu:<\/p>\n<p>11. TKTX vs. Dermacain \u2013 Ktor\u00fd kr\u00e9m zvoli\u0165?<br \/>\nMeta popis: Porovnanie TKTX a Dermacain: cena, zlo\u017eenie, \u00fa\u010dinok. Ktor\u00fd sa viac oplat\u00ed?<br \/>\nSEO keywords: tktx vs dermacain, porovnanie anestet\u00edk, kr\u00e9m na tetovanie<br \/>\n\u0160t\u00fdl: Duel\/porovnanie produktov.<\/p>\n<p>12. Ako zn\u00ed\u017ei\u0165 boles\u0165 z tetovania bez liekov?<br \/>\nMeta popis: Objavte pr\u00edrodn\u00e9 aj lok\u00e1lne mo\u017enosti znecitlivenia pred tetovan\u00edm.<br \/>\nSEO keywords: pr\u00edrodn\u00e1 boles\u0165 tetovanie, alternat\u00edva tktx, pr\u00edrodn\u00fd kr\u00e9m na tetovanie<br \/>\n\u0160t\u00fdl: Alternat\u00edvne rie\u0161enia.<\/p>\n<p>13. Kr\u00e9m na znecitlivenie ko\u017ee pred PMU: \u00c1no alebo nie?<br \/>\nMeta popis: \u010ci u\u017e ide o obo\u010die alebo pery, dozviete sa, \u010di sa oplat\u00ed pou\u017ei\u0165 znecitlivuj\u00faci kr\u00e9m.<br \/>\nSEO keywords: tktx na permanentn\u00fd make-up, znecitlivenie pier, kr\u00e9m na pmu<br \/>\n\u0160t\u00fdl: Odborn\u00fd beauty \u010dl\u00e1nok.<\/p>\n<p>14. Znecitlivuj\u00faci kr\u00e9m na tetovanie a jeho rizik\u00e1<br \/>\nMeta popis: Zistite, kedy sa pou\u017eitie znecitlivuj\u00faceho kr\u00e9mu m\u00f4\u017ee neodpor\u00fa\u010da\u0165.<br \/>\nSEO keywords: rizik\u00e1 tktx, ved\u013eaj\u0161ie \u00fa\u010dinky tktx, opatrnos\u0165 pri tetovan\u00ed<br \/>\n\u0160t\u00fdl: Prevent\u00edvny\/varovn\u00fd \u010dl\u00e1nok.<\/p>\n<p>15. Ako pred\u013a\u017ei\u0165 \u00fa\u010dinok TKTX po\u010das dlh\u00fdch tetovac\u00edch seden\u00ed<br \/>\nMeta popis: Praktick\u00e9 triky na to, aby v\u00e1m \u00fa\u010dinok kr\u00e9mu vydr\u017eal \u010do najdlh\u0161ie.<br \/>\nSEO keywords: tktx \u00fa\u010dinok, pred\u013a\u017eenie znecitlivenia, dlh\u00e9 tetovanie<br \/>\n\u0160t\u00fdl: Tipy a triky.<\/p>\n<p>16. Naj\u010dastej\u0161ie ot\u00e1zky o TKTX: Odpoved\u00e1me!<br \/>\nMeta popis: M\u00e1te ot\u00e1zky o TKTX kr\u00e9moch? Tu s\u00fa odpovede na naj\u010dastej\u0161ie z nich.<br \/>\nSEO keywords: tktx faq, ot\u00e1zky o tktx, odpovede kr\u00e9m na tetovanie<br \/>\n\u0160t\u00fdl: FAQ form\u00e1t.<\/p>\n<p>17. Kr\u00e9m na znecitlivenie pri tetovan\u00ed \u2013 n\u00e1vod pre za\u010diato\u010dn\u00edkov<br \/>\nMeta popis: Ako spr\u00e1vne pou\u017ei\u0165 znecitlivuj\u00faci kr\u00e9m pred prv\u00fdm tetovan\u00edm? Zistite to tu.<br \/>\nSEO keywords: ako pou\u017ei\u0165 tktx, za\u010diato\u010dn\u00edk tetovanie, kr\u00e9m pred tetovan\u00edm<br \/>\n\u0160t\u00fdl: Pr\u00edvetiv\u00fd n\u00e1vod pre nov\u00e1\u010dikov.<\/p>\n<p>18. Z\u00e1kazn\u00edcke recenzie: TKTX kr\u00e9m naostro<br \/>\nMeta popis: \u010co hovoria re\u00e1lni pou\u017e\u00edvatelia o \u00fa\u010dinnosti TKTX? Pre\u010d\u00edtajte si recenzie.<br \/>\nSEO keywords: recenzie tktx, sk\u00fasenosti z\u00e1kazn\u00edkov, hodnotenie kr\u00e9mov<br \/>\n\u0160t\u00fdl: Cit\u00e1cie + hodnotenia + sumariz\u00e1cia.<\/p>\n<p>19. TKTX 40%, 55% alebo 75%? Ako si vybra\u0165 spr\u00e1vnu silu<br \/>\nMeta popis: Vysvet\u013eujeme, kedy siahnu\u0165 po 40 %, 55 % alebo 75 % verzii TKTX kr\u00e9mu.<br \/>\nSEO keywords: tktx 40 vs 55 vs 75, v\u00fdber kr\u00e9mu, porovnanie tktx<br \/>\n\u0160t\u00fdl: Eduka\u010dn\u00fd rozbor + praktick\u00e9 pr\u00edklady.<\/p>\n<p>20. Kedy sa TKTX neoplat\u00ed pou\u017ei\u0165 \u2013 \u00faprimn\u00fd poh\u013ead<br \/>\nMeta popis: Existuj\u00fa situ\u00e1cie, kedy by ste TKTX nemali pou\u017ei\u0165? \u00c1no \u2013 a tu je pre\u010do.<br \/>\nSEO keywords: nevhodn\u00e9 pou\u017eitie tktx, tktx ne\u00fa\u010dinnos\u0165, v\u00fdnimky tktx<br \/>\n\u0160t\u00fdl: Kritick\u00fd \u010dl\u00e1nok s re\u0161pektom k produktu.<\/p>\n<h4 style=\"text-align: center;\" data-start=\"3555\" data-end=\"3630\"><strong>W\u00e4hlen Sie aus TKTX An\u00e4sthesiecremes<\/strong><\/h4>\n<p>&nbsp;<\/p>\n<p><a href=\"https:\/\/www.dermacain.de\/?product=tktx-anasthesiesalbe-75-kopia\"><img loading=\"lazy\" decoding=\"async\" class=\"aligncenter wp-image-6 size-large\" src=\"https:\/\/www.tktx-betaubung.de\/wp-content\/uploads\/2025\/01\/TKTX-creme-75-1024x434.png\" alt=\"TKTX-Creme f\u00fcr Tattoos\" width=\"640\" height=\"271\" \/><\/a> <a href=\"https:\/\/www.dermacain.de\/?product=tktx-tattoo-creme-40-kopia\"><img loading=\"lazy\" decoding=\"async\" class=\"aligncenter wp-image-7 size-large\" src=\"https:\/\/www.tktx-betaubung.de\/wp-content\/uploads\/2025\/01\/TKTX-krem-40-1024x377.png\" alt=\"TKTX-Creme f\u00fcr Tattoos\" width=\"640\" height=\"236\" \/><\/a><\/p>\n<p><a href=\"https:\/\/www.dermacain.de\/?product=anasthesiecreme-tktx-55-gold\"><img loading=\"lazy\" decoding=\"async\" class=\"aligncenter wp-image-8 size-large\" src=\"https:\/\/www.tktx-betaubung.de\/wp-content\/uploads\/2025\/01\/TKTX-krem-55-1024x372.png\" alt=\"TKTX-Creme f\u00fcr Tattoos\" width=\"640\" height=\"233\" \/><\/a> <a href=\"https:\/\/www.dermacain.de\/?product=3-stuck-x-tktx-anasthesiesalbe-75-kostenloser-versand\"><img loading=\"lazy\" decoding=\"async\" class=\"aligncenter wp-image-9 size-full\" src=\"https:\/\/www.tktx-betaubung.de\/wp-content\/uploads\/2025\/01\/TKTX-3x-75-portofrei.png\" alt=\"TKTX-Creme f\u00fcr Tattoos\" width=\"1024\" height=\"991\" \/><\/a><\/p>\n<h4 style=\"text-align: center;\">Wir garantieren Ihre Zufriedenheit<\/h4>\n<h4 style=\"text-align: center;\">Sollten Sie nicht zufrieden sein, schicken Sie die Creme zur\u00fcck und wir erstatten Ihnen Ihr Geld zur\u00fcck.<\/h4>\n","protected":false},"excerpt":{"rendered":"<p>Vytvor ka\u017ed\u00fd de\u0148, jeden \u010dl\u00e1nok. (Zaka\u017ed\u00fdm jak vytvor\u00ed\u0161 nov\u00fa str\u00e1nku, jeden n\u00e1dpis vyma\u017e) (Pridaj jeden obr\u00e1zok z gal\u00e9rie a jedno video z t\u00fdchto Daj pr\u00edkaz do chat gpt: Nap\u00ed\u0161 mi \u010dl\u00e1nok po nemecky, p\u00ed\u0161 p\u00fatavo a tak aby si nakoniec presved\u010dil z\u00e1kazn\u00edka ako Jordan bellfort t\u00fdm \u017ee zvy\u0161uje\u0161 dv\u00f4veru v TKTX, vo m\u0148a (str\u00e1nku, firmu) [&hellip;]<\/p>\n","protected":false},"author":1,"featured_media":0,"parent":0,"menu_order":0,"comment_status":"closed","ping_status":"closed","template":"","meta":{"_monsterinsights_skip_tracking":false,"_monsterinsights_sitenote_active":false,"_monsterinsights_sitenote_note":"","_monsterinsights_sitenote_category":0,"footnotes":""},"class_list":["post-98","page","type-page","status-publish","hentry"],"yoast_head":"<!-- This site is optimized with the Yoast SEO plugin v27.0 - https:\/\/yoast.com\/product\/yoast-seo-wordpress\/ -->\n<title>Vytvori\u0165 ka\u017ed\u00fd de\u0148 jeden \u010dl\u00e1nok - TKTX Original<\/title>\n<meta name=\"robots\" content=\"index, follow, max-snippet:-1, max-image-preview:large, max-video-preview:-1\" \/>\n<link rel=\"canonical\" href=\"https:\/\/www.tktx-original.de\/?page_id=98\" \/>\n<meta property=\"og:locale\" content=\"sk_SK\" \/>\n<meta property=\"og:type\" content=\"article\" \/>\n<meta property=\"og:title\" content=\"Vytvori\u0165 ka\u017ed\u00fd de\u0148 jeden \u010dl\u00e1nok - TKTX Original\" \/>\n<meta property=\"og:description\" content=\"Vytvor ka\u017ed\u00fd de\u0148, jeden \u010dl\u00e1nok. (Zaka\u017ed\u00fdm jak vytvor\u00ed\u0161 nov\u00fa str\u00e1nku, jeden n\u00e1dpis vyma\u017e) (Pridaj jeden obr\u00e1zok z gal\u00e9rie a jedno video z t\u00fdchto Daj pr\u00edkaz do chat gpt: Nap\u00ed\u0161 mi \u010dl\u00e1nok po nemecky, p\u00ed\u0161 p\u00fatavo a tak aby si nakoniec presved\u010dil z\u00e1kazn\u00edka ako Jordan bellfort t\u00fdm \u017ee zvy\u0161uje\u0161 dv\u00f4veru v TKTX, vo m\u0148a (str\u00e1nku, firmu) [&hellip;]\" \/>\n<meta property=\"og:url\" content=\"https:\/\/www.tktx-original.de\/?page_id=98\" \/>\n<meta property=\"og:site_name\" content=\"TKTX Original\" \/>\n<meta property=\"article:modified_time\" content=\"2025-05-03T15:46:02+00:00\" \/>\n<meta property=\"og:image\" content=\"https:\/\/www.tktx-original.de\/wp-content\/uploads\/2025\/01\/TKTX-3x-75-portofrei.png\" \/>\n\t<meta property=\"og:image:width\" content=\"1024\" \/>\n\t<meta property=\"og:image:height\" content=\"991\" \/>\n\t<meta property=\"og:image:type\" content=\"image\/png\" \/>\n<meta name=\"twitter:card\" content=\"summary_large_image\" \/>\n<meta name=\"twitter:label1\" content=\"Predpokladan\u00fd \u010das \u010d\u00edtania\" \/>\n\t<meta name=\"twitter:data1\" content=\"4 min\u00faty\" \/>\n<script type=\"application\/ld+json\" class=\"yoast-schema-graph\">{\"@context\":\"https:\/\/schema.org\",\"@graph\":[{\"@type\":\"WebPage\",\"@id\":\"https:\/\/www.tktx-original.de\/?page_id=98\",\"url\":\"https:\/\/www.tktx-original.de\/?page_id=98\",\"name\":\"Vytvori\u0165 ka\u017ed\u00fd de\u0148 jeden \u010dl\u00e1nok - TKTX Original\",\"isPartOf\":{\"@id\":\"https:\/\/www.tktx-original.de\/#website\"},\"primaryImageOfPage\":{\"@id\":\"https:\/\/www.tktx-original.de\/?page_id=98#primaryimage\"},\"image\":{\"@id\":\"https:\/\/www.tktx-original.de\/?page_id=98#primaryimage\"},\"thumbnailUrl\":\"https:\/\/www.tktx-betaubung.de\/wp-content\/uploads\/2025\/01\/TKTX-creme-75-1024x434.png\",\"datePublished\":\"2025-05-03T15:24:51+00:00\",\"dateModified\":\"2025-05-03T15:46:02+00:00\",\"breadcrumb\":{\"@id\":\"https:\/\/www.tktx-original.de\/?page_id=98#breadcrumb\"},\"inLanguage\":\"sk-SK\",\"potentialAction\":[{\"@type\":\"ReadAction\",\"target\":[\"https:\/\/www.tktx-original.de\/?page_id=98\"]}]},{\"@type\":\"ImageObject\",\"inLanguage\":\"sk-SK\",\"@id\":\"https:\/\/www.tktx-original.de\/?page_id=98#primaryimage\",\"url\":\"https:\/\/www.tktx-betaubung.de\/wp-content\/uploads\/2025\/01\/TKTX-creme-75-1024x434.png\",\"contentUrl\":\"https:\/\/www.tktx-betaubung.de\/wp-content\/uploads\/2025\/01\/TKTX-creme-75-1024x434.png\"},{\"@type\":\"BreadcrumbList\",\"@id\":\"https:\/\/www.tktx-original.de\/?page_id=98#breadcrumb\",\"itemListElement\":[{\"@type\":\"ListItem\",\"position\":1,\"name\":\"Home\",\"item\":\"https:\/\/www.tktx-original.de\/\"},{\"@type\":\"ListItem\",\"position\":2,\"name\":\"Vytvori\u0165 ka\u017ed\u00fd de\u0148 jeden \u010dl\u00e1nok\"}]},{\"@type\":\"WebSite\",\"@id\":\"https:\/\/www.tktx-original.de\/#website\",\"url\":\"https:\/\/www.tktx-original.de\/\",\"name\":\"TKTX Original\",\"description\":\"\",\"potentialAction\":[{\"@type\":\"SearchAction\",\"target\":{\"@type\":\"EntryPoint\",\"urlTemplate\":\"https:\/\/www.tktx-original.de\/?s={search_term_string}\"},\"query-input\":{\"@type\":\"PropertyValueSpecification\",\"valueRequired\":true,\"valueName\":\"search_term_string\"}}],\"inLanguage\":\"sk-SK\"}]}<\/script>\n<!-- \/ Yoast SEO plugin. -->","yoast_head_json":{"title":"Vytvori\u0165 ka\u017ed\u00fd de\u0148 jeden \u010dl\u00e1nok - TKTX Original","robots":{"index":"index","follow":"follow","max-snippet":"max-snippet:-1","max-image-preview":"max-image-preview:large","max-video-preview":"max-video-preview:-1"},"canonical":"https:\/\/www.tktx-original.de\/?page_id=98","og_locale":"sk_SK","og_type":"article","og_title":"Vytvori\u0165 ka\u017ed\u00fd de\u0148 jeden \u010dl\u00e1nok - TKTX Original","og_description":"Vytvor ka\u017ed\u00fd de\u0148, jeden \u010dl\u00e1nok. (Zaka\u017ed\u00fdm jak vytvor\u00ed\u0161 nov\u00fa str\u00e1nku, jeden n\u00e1dpis vyma\u017e) (Pridaj jeden obr\u00e1zok z gal\u00e9rie a jedno video z t\u00fdchto Daj pr\u00edkaz do chat gpt: Nap\u00ed\u0161 mi \u010dl\u00e1nok po nemecky, p\u00ed\u0161 p\u00fatavo a tak aby si nakoniec presved\u010dil z\u00e1kazn\u00edka ako Jordan bellfort t\u00fdm \u017ee zvy\u0161uje\u0161 dv\u00f4veru v TKTX, vo m\u0148a (str\u00e1nku, firmu) [&hellip;]","og_url":"https:\/\/www.tktx-original.de\/?page_id=98","og_site_name":"TKTX Original","article_modified_time":"2025-05-03T15:46:02+00:00","og_image":[{"width":1024,"height":991,"url":"https:\/\/www.tktx-original.de\/wp-content\/uploads\/2025\/01\/TKTX-3x-75-portofrei.png","type":"image\/png"}],"twitter_card":"summary_large_image","twitter_misc":{"Predpokladan\u00fd \u010das \u010d\u00edtania":"4 min\u00faty"},"schema":{"@context":"https:\/\/schema.org","@graph":[{"@type":"WebPage","@id":"https:\/\/www.tktx-original.de\/?page_id=98","url":"https:\/\/www.tktx-original.de\/?page_id=98","name":"Vytvori\u0165 ka\u017ed\u00fd de\u0148 jeden \u010dl\u00e1nok - TKTX Original","isPartOf":{"@id":"https:\/\/www.tktx-original.de\/#website"},"primaryImageOfPage":{"@id":"https:\/\/www.tktx-original.de\/?page_id=98#primaryimage"},"image":{"@id":"https:\/\/www.tktx-original.de\/?page_id=98#primaryimage"},"thumbnailUrl":"https:\/\/www.tktx-betaubung.de\/wp-content\/uploads\/2025\/01\/TKTX-creme-75-1024x434.png","datePublished":"2025-05-03T15:24:51+00:00","dateModified":"2025-05-03T15:46:02+00:00","breadcrumb":{"@id":"https:\/\/www.tktx-original.de\/?page_id=98#breadcrumb"},"inLanguage":"sk-SK","potentialAction":[{"@type":"ReadAction","target":["https:\/\/www.tktx-original.de\/?page_id=98"]}]},{"@type":"ImageObject","inLanguage":"sk-SK","@id":"https:\/\/www.tktx-original.de\/?page_id=98#primaryimage","url":"https:\/\/www.tktx-betaubung.de\/wp-content\/uploads\/2025\/01\/TKTX-creme-75-1024x434.png","contentUrl":"https:\/\/www.tktx-betaubung.de\/wp-content\/uploads\/2025\/01\/TKTX-creme-75-1024x434.png"},{"@type":"BreadcrumbList","@id":"https:\/\/www.tktx-original.de\/?page_id=98#breadcrumb","itemListElement":[{"@type":"ListItem","position":1,"name":"Home","item":"https:\/\/www.tktx-original.de\/"},{"@type":"ListItem","position":2,"name":"Vytvori\u0165 ka\u017ed\u00fd de\u0148 jeden \u010dl\u00e1nok"}]},{"@type":"WebSite","@id":"https:\/\/www.tktx-original.de\/#website","url":"https:\/\/www.tktx-original.de\/","name":"TKTX Original","description":"","potentialAction":[{"@type":"SearchAction","target":{"@type":"EntryPoint","urlTemplate":"https:\/\/www.tktx-original.de\/?s={search_term_string}"},"query-input":{"@type":"PropertyValueSpecification","valueRequired":true,"valueName":"search_term_string"}}],"inLanguage":"sk-SK"}]}},"_links":{"self":[{"href":"https:\/\/www.tktx-original.de\/index.php?rest_route=\/wp\/v2\/pages\/98","targetHints":{"allow":["GET"]}}],"collection":[{"href":"https:\/\/www.tktx-original.de\/index.php?rest_route=\/wp\/v2\/pages"}],"about":[{"href":"https:\/\/www.tktx-original.de\/index.php?rest_route=\/wp\/v2\/types\/page"}],"author":[{"embeddable":true,"href":"https:\/\/www.tktx-original.de\/index.php?rest_route=\/wp\/v2\/users\/1"}],"replies":[{"embeddable":true,"href":"https:\/\/www.tktx-original.de\/index.php?rest_route=%2Fwp%2Fv2%2Fcomments&post=98"}],"version-history":[{"count":3,"href":"https:\/\/www.tktx-original.de\/index.php?rest_route=\/wp\/v2\/pages\/98\/revisions"}],"predecessor-version":[{"id":106,"href":"https:\/\/www.tktx-original.de\/index.php?rest_route=\/wp\/v2\/pages\/98\/revisions\/106"}],"wp:attachment":[{"href":"https:\/\/www.tktx-original.de\/index.php?rest_route=%2Fwp%2Fv2%2Fmedia&parent=98"}],"curies":[{"name":"wp","href":"https:\/\/api.w.org\/{rel}","templated":true}]}}